me number?
True
Suppose 0*w + 148491 = 4*w - 242201. Is w a composite number?
False
Suppose -2*i = t - 2*t + 2292, -i + 6869 = 3*t. Let z = 4049 - t. Is z a composite number?
False
Let i be (-2)/(-8) - (-2 + (-78)/8). Let z(o) = -o + 18. Let q be z(i). Is (-5565)/(-25) + q/15 a composite number?
False
Is (-6)/(-4) - (195190/(-3))/((-116)/(-87)) a composite number?
False
Is (-13)/2*(-7990 - 9 - 27) prime?
False
Let i(w) = 2*w**2 - 11*w + 22. Let j be i(5). Suppose 19*c - j*c - 52 = 0. Suppose 24*p - c*p + 614 = 0. Is p a prime number?
True
Is 8 + 105/(-28)*-2980 composite?
True
Suppose 5*m + 53*h = 58*h + 1535, 2*h = -5*m + 1514. Suppose -x - 55 = -z - m, -2*x - 5*z + 498 = 0. Is x composite?
True
Let q be -2*(-11)/8*344. Let k = q + 214. Suppose k = 4*r - 4*m, 5*r = 3*m - 2*m + 1454. Is r a composite number?
True
Let r(a) = a**3 + 19*a**2 + 20*a - 17. Let b(f) = -f**3 - 8*f**2 - f + 27. Let t be b(-7). Is r(t) a composite number?
True
Let q = -119 + 940. Suppose -54*m = 305 - 51414 - 59159. Let g = q + m. Is g prime?
False
Let l(d) = 2*d**3 - 26*d**2 - 260*d + 151. Is l(25) a composite number?
True
Let s = 8 + -5. Let a be (-27)/15*(-20)/(-6). Is (s - (-46)/(-4))*a a prime number?
False
Let d(n) = -376*n + 6. Let f be d(-2). Suppose f = a - 2201. Is a composite?
True
Suppose 0 = -12*g + 9*g + 7*g - 247124. Is g prime?
True
Suppose 2*t - 37 = 4*t + 5*i, -3 = 3*i. Let z(u) = -13*u + 70. Is z(t) a prime number?
False
Let i = -3 - -7. Let d = -3132 - -3136. Suppose y - 1 = i*o + 158, -d*y + 576 = -4*o. Is y a prime number?
True
Let w(r) = -4*r**2 + 2*r**2 + 2*r**2 + 20*r + 3*r**2 - 25. Let h be w(-8). Suppose 3*c = h*c - 652. Is c a prime number?
True
Let m(d) = 115*d - 31. Suppose -7 = 5*q - 52. Let v be m(q). Suppose 4*z - v = -4*i, -3*i + 2*i - 2 = 0. Is z composite?
True
Is 10 - (234216/12)/(-6) composite?
True
Let t(h) = h**2 - 24*h - 177. Let z be t(30). Suppose 0 = 5*g - 0*g. Suppose 4*d = z*u + 9016, 9000 + g = 4*d + u. Is d a prime number?
True
Let y(q) = -q**3 + 12*q**2 - 11*q + 7. Let m be y(11). Suppose 2991 + 278 = m*z. Is z composite?
False
Suppose -y + 6*y - 42488 = o, -3*y - 2*o + 25485 = 0. Suppose 2*g - y = 3889. Is g composite?
True
Let c(d) = -2*d**3 + 27*d**2 + 24*d - 61. Let n be c(14). Suppose -n*a = -81*a + 19612. Is a prime?
False
Suppose 0 = -5*s - 5*j + 5, 3*s + 3 = -8*j + 3*j. Is (-59598)/(-12) - (-2)/s composite?
False
Suppose -2*p = 4*s + 2288, 0 = 8*p - 4*p + 3*s + 4561. Let o = 1947 + p. Let m = 1188 - o. Is m a composite number?
False
Suppose -2*k + 8 = -4*z, -4 = -z - 3. Suppose k*t = 14*t - 12440. Is t a composite number?
True
Is ((-7)/(-21))/(((-8)/(-4))/346398) prime?
False
Let p = 758695 - 434682. Is p prime?
False
Let o(r) = -2*r**2 - 8*r + 11. Let s be o(-5). Let z(f) = 2158*f + 16. Is z(s) prime?
False
Let m(h) = -h**2 + 23. Let j be m(-5). Let d be (-2)/12 - (4/(-24) + j). Suppose -s = d*p - 65 - 24, -408 = -4*s + 5*p. Is s prime?
True
Let s = -48 + -140. Suppose -6*v = -v - 5. Is 3 - (s - 0/(3 - v)) a prime number?
True
Let k(f) = 27565*f**2 + 34*f + 114. Is k(-3) prime?
False
Suppose 3*f - 109525 = 78*h - 80*h, 0 = -2*f - 3*h + 73015. Is f a prime number?
False
Suppose -r - 599 = 3032. Let f(b) = -2*b**2 + 14*b - 504. Let l be f(-29). Let d = l - r. Is d composite?
False
Suppose d = -7 + 27. Suppose d*z = 297132 + 152248. Is z prime?
True
Let l = -173 - 134. Let v = -149 - l. Is v prime?
False
Suppose 2*o - 3304 = 2*k + 12202, 3*k - 31012 = -4*o. Is o prime?
True
Is (12/3 - 2675)/((13 - 3)/(-1570)) prime?
False
Let c(z) = z**3 + 12*z**2 - 9*z + 20569. Is c(0) prime?
False
Let y be (3362/(-8))/(-1*2/(-8)). Let v = 1113 + y. Let z = v - -1035. Is z a composite number?
False
Let f be (3926/39)/((-2)/(-915)). Suppose 6*b + 329 = f. Is b a composite number?
False
Let u = 121034 + -84467. Let h = -25844 + u. Is h prime?
True
Let g(c) = 2248*c**2 + 6*c - 7. Let t = -214 + 216. Is g(t) a prime number?
False
Let m = 48209 + 44138. Is m prime?
True
Let u(a) = -10*a - 15. Let m(i) = -30*i - 44. Let p(v) = -6*m(v) + 17*u(v). Let x = -41 - -49. Is p(x) a prime number?
True
Let r(z) be the second derivative of -z**4/12 + 23*z**3/3 + 2*z**2 - 2*z - 6. Is r(15) a composite number?
True
Let b = -6391 - -7752. Is b a prime number?
True
Suppose -6*z + 125 = 107. Let y(a) = 171*a**2 + 2*a - 2. Is y(z) a prime number?
True
Suppose -10*a + 6 = -7*a. Let m(w) = -2*w**2 + 2*w**a + 5*w**2 + 2*w + 27 - 3*w**2. Is m(-12) prime?
False
Let p be (-2 - 1/(-5))/((-9)/30). Suppose -p*x + 2*x - 1696 = 0. Let n = x + 615. Is n composite?
False
Is (16/(-8))/((-5)/((-444490)/(-4))) a composite number?
False
Is (-153000)/(-12 + -3) - -11 a prime number?
True
Let n(c) = -c**2 + 8*c + 3. Let h be n(8). Suppose 0 = -13*p + 17*p + 4, -14731 = -2*m - h*p. Is m prime?
False
Let r be 1/((-4)/268*1/(-17)). Suppose r = -a + 5465. Suppose a = 6*q - 5064. Is q a prime number?
False
Suppose -365 = -2*s + 383. Suppose -c + 16 = 10. Suppose -8*t = -c*t - s. Is t prime?
False
Suppose 4*b - 522 = 3*k - k, -k + b = 257. Let c = k - -35. Is 4 + (3 - 2 - c) a composite number?
False
Suppose 6*x + 16 = 14*x. Suppose 0 = u - 4*k - x, 9*k - 7*k = 0. Suppose -5*m + 6*m - 2283 = -q, q = -u*m + 2281. Is q a prime number?
False
Let x = -12 - 48. Is -2594*237/(-36) - (-10)/x composite?
False
Let i = 363 + 27. Suppose 120 = -2*c + 1306. Let z = c - i. Is z a composite number?
True
Let j(v) = 10356*v**2 + 54*v + 241. Is j(-5) a prime number?
True
Suppose r = 19 - 15. Let c be r/10 + (-1424)/10. Let o = c + 353. Is o composite?
False
Let t(m) = 5418*m**2 + 15*m - 2. Is t(1) a composite number?
False
Let t = -33 + 89. Let g = t + -39. Suppose -g*u = -15*u - 586. Is u a composite number?
False
Is (-117440796)/(-759) - 2/(-46) a composite number?
True
Let j(o) = -2 + 119*o**3 - 6*o - 5 - 6*o**2 - 133*o**3 - 8*o**2. Is j(-4) composite?
True
Let z be (-16)/3*534/(-4) - -2. Let g = 1433 - z. Is g prime?
True
Let x(r) = -4*r**3 - 5*r**2 + 6. Suppose -3*g - 5*d + 38 + 78 = 0, -5*g + 240 = -d. Let a = -52 + g. Is x(a) a composite number?
True
Let l(h) = 376212*h**3 + 8*h**2 + 25*h - 32. Is l(1) a prime number?
False
Let g = -32 + 35. Suppose 0 = g*z + 17 - 56. Is 1575/z - (-4)/(-26) a composite number?
True
Suppose -24*g + 193892 + 174292 = 0. Suppose -15*a + g + 68674 = 0. Is a a composite number?
True
Let q(w) = w**2 + 22*w - 16. Let k be q(-24). Let x be k/(-176) + 5333/(-11). Let h = 1478 + x. Is h a composite number?
True
Let z = 1190988 + -407797. Is z composite?
False
Let o = -518 + 1071. Let c = 2854 + o. Is c composite?
False
Suppose -5*c + 5*h + 140 = 0, 3*c = -0*h + 2*h + 84. Let x be (6/14)/(88/c - 3). Suppose -2*r = -x*d + 761, -4*r = 2*d - r - 490. Is d prime?
True
Let k(r) be the second derivative of 8*r**4/3 + 3*r**3/2 - 7*r**2/2 - 15*r - 2. Let n be k(1). Is 3 + n/(-12) - (-11674)/12 composite?
True
Suppose y + 9 - 12 = 0. Suppose -11 - 4 = y*v. Let q(a) = 5*a**2 - 4*a - 3. Is q(v) a prime number?
False
Let f = -11645 + 21976. Is f a prime number?
True
Let x(r) = 28*r**2 - 20*r - 567. Is x(-26) a composite number?
True
Is 207359 + 3 + ((-3)/2)/(9/30) prime?
False
Is (-164196)/27*(-3132)/144 composite?
True
Let n(j) = -j - 7. Suppose -2*w - 9 = 9. Let z be n(w). Suppose -2*d = 2*d - 8, z*v = 4*d + 186. Is v a prime number?
True
Let h(g) = g**2 + 8*g - 8. Let z be h(-9). Is (-20)/z*17237/176*-4 a prime number?
False
Let k = 157937 + -38820. Is k a prime number?
False
Suppose 2*t - 2221154 = -3*b, -2*b = -t - 630261 + 1740852. Is t a composite number?
False
Let v(q) = -q - 1. Let r be v(1). Let m be (-7245 - (3 + r))/(-2). Let d = m - 2146. Is d a prime number?
False
Suppose 278 = -f + 21591. Let n = f - 5634. Is n prime?
True
Let h(p) = -4*p - 37. Let l be h(-16). Let w(n) = -3*n - 3*n + l - 15*n - 8*n. Is w(-16) a prime number?
True
Let s = 1286 - -4227. Is s prime?
False
Let t be ((-336)/(-140))/(3/1310). Let s = t + 3129. Is s composite?
False
Suppose -70*m - 24 = -67*m - 3*t, 4 = -m + 5*t. Let z be -4 - 4/(2 - 0). Is 949/3 + z/m prime?
True
Let d = 13 - 6. Let y(h) = -271*h + 110. Let a(j) = 90*j - 37. Let q(b) = -17*a(b) - 6*y(b). Is q(d) a composite number?
False
Let a = -841 + 1924. Suppose 0 = 2*z - 3*v - a, -v + 0*v = -5*z + 2688. Is z a composite num